is m(1)?
13
Let q(j) = -j**2 + j - 7. Let o = 8 - -6. Let d be 4/o - (-234)/63. Suppose -d*m = -m. Give q(m).
-7
Let u(c) = c**3 - 2*c**2 - 2*c + 1. Let n = 4 + -1. Let d be u(n). Let a(l) = 2*l**2 + d*l - 4*l + 5*l**2. What is a(-1)?
7
Let x = -83 - -77. Let j be -7 + 4 + 1 - x. Let i(g) = g**2 - 3*g - 5. Calculate i(j).
-1
Let j(l) be the first derivative of -l**6/120 - 7*l**5/60 - 3*l**4/8 - 4*l**3/3 - 29*l**2/2 - 29. Let r(g) be the second derivative of j(g). What is r(-6)?
10
Let o(j) = -j**3 - 4*j**2 + 5*j - 7. Suppose -5*v - 30 = 5*d, -2*v = 4*d + 3 + 19. Calculate o(d).
-7
Let z(v) = 6 - 4 - 1 - 2*v + 15. Suppose 32 = 4*r - 3*x, 2 = 2*r - 3*x - 8. Determine z(r).
-6
Suppose 5*p + 5*u = -40, -p - 5*u = 2*p + 22. Let f be (18/12)/(p/96). Let s = -19 - f. Let h(i) = -i**2 - 2*i + 1. Calculate h(s).
-2
Let n(b) be the second derivative of 5*b**4/2 - b**2/2 + 33*b - 3. Determine n(1).
29
Suppose 243 = 9*x + 297. Let i(g) = -g - 11. What is i(x)?
-5
Let y(i) = -i + 10. Let n(q) = q**2 - 21*q + 33. Let a be n(19). Let d be (4 + -1 + 7)*(-3)/a. Determine y(d).
4
Let s(k) be the second derivative of k**3/6 - k. Let f be 2 + -2 + (4 - 0). Let n = 1 + f. Calculate s(n).
5
Let z(h) = h**2 - 3*h + 9. Let i be z(0). Let b(g) = -4*g**2 + 12*g - 10. Let k(o) = -5*o**2 + 13*o - 11. Let d(s) = -4*b(s) + 3*k(s). What is d(i)?
7
Suppose -191*m - 156 - 35 = 0. Let y(f) be the first derivative of 3*f**4/4 - f**3/3 + f**2/2 + f + 1. Calculate y(m).
-4
Suppose 3*s = 7*s. Suppose p + 0 - 1 = a, p - 5 = s. Let f be (0 - 10/a)*-2. Let t(n) = n**3 - 6*n**2 + 3*n + 7. Give t(f).
-3
Let x(c) = c**3 - 9*c**2 + 8*c - 5. Let p(b) = -6*b + 14. Let k(i) = -11*i + 27. Let w(u) = 2*k(u) - 5*p(u). Let z be w(3). What is x(z)?
-5
Let i(j) = -20*j + 1. Suppose 22 = 2*x + 5*w + 41, 0 = -2*x - 2*w - 10. What is i(x)?
41
Let j be (2/3)/((-10)/(-45)). Suppose -3*y + 6*y - 16 = -z, j*y - 24 = -3*z. Let c(m) = 22 - 3*m - 27 + z*m - m**2. Give c(0).
-5
Let f(n) = 6*n + 5. Let z be 4/(-10) - (-884)/260. Give f(z).
23
Let t(z) = z - 4. Let h(d) = -d**3 + 2*d**2 + 20*d - 24. Let q be h(5). Give t(q).
-3
Let n(k) = -k**3 - 6*k**2 - 3*k - 5. Let a(g) = 2*g**3 + 13*g**2 + 7*g + 11. Let s(o) = 4*a(o) + 9*n(o). Give s(2).
-15
Let n be ((-11)/2)/((-38)/(-76)). Let b(d) = -d**2 - 10*d + 15. Calculate b(n).
4
Let r(v) = 2*v - v**2 - 1 - 2*v + 4 - 2*v - 2*v. Determine r(1).
-2
Let a(n) = -2*n + 2. Let j(t) = 6*t - 5. Suppose -5*i = -20 - 10. Suppose i*r + 8 = 7*r. Let l(q) = r*a(q) + 3*j(q). Give l(1).
3
Suppose 3*x - 7*i + 4*i = -21, 5*x + i + 5 = 0. Let w(f) be the third derivative of -f**6/60 - f**5/30 - f**3/6 - f**2. Determine w(x).
7
Let i(s) = -1 + 3*s + 0*s**2 + s**2 + s. Suppose -6*x = 12*x - 234. Suppose -14 - 12 = x*r. Calculate i(r).
-5
Let t be ((-4)/(-16)*-10)/((-10)/24). Let h(b) = -b**3 + 5*b**2 + 6*b + 7. What is h(t)?
7
Let f(g) = g + 24. Let l be f(-14). Let q(x) = -l*x**3 - 5 + 7*x**3 + 7*x**2 + 4*x**3. Determine q(-7).
-5
Suppose -d = 4 + 2. Let b(h) = 7*h**2 + 3*h + 90 + 18 - 100 + 0*h**3 + h**3. Determine b(d).
26
Let t(s) = s**2 + 6*s - 5. Let j be -26 - -31 - (0 - 10) - 2. Suppose -76 = 6*z - 2*z. Let n = j + z. Calculate t(n).
-5
Let j(s) = -s - 1. Let t = -5 - -2. Let i be 5/60*-3 + 33/4. Let f be (t + 0)/((-6)/i). Determine j(f).
-5
Suppose -15*p + 50 = 5. Let j be (4 - 0) + (-3)/3. Let v(n) = n**j + 0 + n - 2 + 0 - 4*n**2. Determine v(p).
-8
Let z(i) = -14*i + 93. Let h(f) = 7*f - 44. Let u(a) = -5*h(a) - 2*z(a). Calculate u(4).
6
Let u(c) = -c - 8. Let v(j) = 1. Let w(s) = 2*u(s) - 18*v(s). Let z be w(-14). Let g(b) = 3*b + 9. Calculate g(z).
-9
Let k(q) = q**3 - 7*q**2 + 7*q - 3. Suppose -3*d = 2*a - 27, -d - 12 = 5*a - 47. Determine k(a).
3
Let x(m) = 11*m**2 + 37*m - 23. Let q(f) = -4*f**2 - 12*f + 8. Let w(b) = 17*q(b) + 6*x(b). Let u be w(9). Let y(r) = -3*r - 3. What is y(u)?
3
Let m(v) = 3*v**2 - 4*v + 2. Let a be m(2). Let q(k) = -k**3 - 4*k**2 - 4*k - 2. Let y(c) = -c - 1. Let u(n) = a*y(n) - q(n). Determine u(-4).
4
Let r(n) be the third derivative of n**4/4 - n**3/3 + 25*n**2. Let p be (-4)/(8/14) + 5. What is r(p)?
-14
Let b(a) = 31*a - 4. Let o(u) = -10*u + 1. Let s(i) = 2*b(i) + 7*o(i). Give s(-3).
23
Suppose -7*k - 20 = -2*k. Let p(o) be the third derivative of 6*o**2 + 1/15*o**5 + 1/120*o**6 + 0*o + 0*o**4 - 1/3*o**3 + 0. What is p(k)?
-2
Let h(r) = r**2 + 2*r - 3*r + 4*r + 3 - 7 + 7*r. What is h(-11)?
7
Let v(c) = -14 - 13 - 5*c + 29. Let z(f) = -2*f - 4. Let w(k) = 2*k**3 - k**2. Let d be w(-1). Let q be z(d). Give v(q).
-8
Let z(g) = -g**3 - 4*g**2 - 4*g - 3. Let l be z(-2). Let u(b) = 3 + 1797*b + 1799*b + 1789*b - 5382*b. Determine u(l).
-6
Let i(y) = y**2 - 2*y - 3. Let l = 7 - 4. Suppose l*v = -2 - 22. Let g(h) = -2*h - 13. Let b be g(v). Calculate i(b).
0
Let q = 8945 - 8946. Let j(t) = -19*t**2 + 4 - 2 - 2*t - 3. Determine j(q).
-18
Suppose 3*t = 4*z + 2876, t = -0*t + z + 959. Let h(x) = -960 + 5*x + t. Determine h(1).
5
Let g(d) = d**2 + 2*d + 13. Let u(a) = a**2 - 28*a - 60. Let o be u(30). Give g(o).
13
Let b be 24/(-20)*(0 - 20). Let m(z) = -23*z**3 + 10 - 12*z + b*z**3 + 12*z + z**2. What is m(0)?
10
Let f(l) = 2*l + 6. Let g be f(0). Let v(k) = -23*k + 46*k + 18 - 13 - 25*k. Determine v(g).
-7
Let q(z) = -z**3 - z**2 + 2*z + 1. Suppose 378 = -7*h + 371. Determine q(h).
-1
Let x(g) = 11*g**2 + g. Let d(h) = -3*h - 28. Suppose 0 = 5*n - 2*k + 53, -33 = -4*n + 4*k - 85. Let i be d(n). What is x(i)?
10
Let i(p) = -p + 2. Let g be 4/4*-1 + 4. Suppose 3*w - u + g = u, -3 = u. Determine i(w).
5
Suppose 7 = 5*x + 47. Let w be (-116)/(-4 - x)*1. Let s = w + 23. Let f(p) = -p - 7. What is f(s)?
-1
Let p be ((-7)/(-14))/((-5)/(-10)). Let k(o) = 16*o**3 - o**2 + 1. Calculate k(p).
16
Let z(g) = g + 2. Let x(u) = -25*u - 7. Let w(s) = x(s) + 5*z(s). Give w(1).
-17
Let w = 39 - 36. Let i(y) = -4 + 5*y**3 - y**3 + 3*y**2 + 0 - 2*y - w*y**3. Determine i(-3).
2
Let g(n) be the third derivative of -n**5/60 + 5*n**4/24 + 5*n**2 + 1. Calculate g(5).
0
Let t(n) = -2*n + 41. Suppose 6*m - 10*m + 4*q = -60, 0 = -3*m - 3*q + 63. Determine t(m).
5
Let w = -3 + 1. Let k(b) = -1 + 4*b - 17*b + 5*b + 6*b. Give k(w).
3
Suppose 9*x - 4*x - 10 = 0. Suppose -v + x = 1. Let c(m) = v + 1 - 4 + 4*m. What is c(2)?
6
Suppose -2*l + 14 = -2*y, -3*l + y - 6*y - 19 = 0. Let a(b) = -9*b + 13. Let g(f) = 8*f - 10. Let w(p) = -3*a(p) - 4*g(p). Determine w(l).
-9
Let z(g) = g + 1. Suppose -2*j - 3 = 4*y - 15, -30 = 5*j - 5*y. Let c be (-1)/(j/8) + 0. Determine z(c).
5
Suppose 4*n - 16 = -h + 23, -36 = -5*n + 3*h. Let o(w) = w - 22. Give o(n).
-13
Let j(b) = -7*b**2 - 3*b - 3. Let z(r) = r**2 + r. Suppose 4*c - 9 = 5*p, -3*p = -5*c - 0*c + 8. Let x(q) = c*j(q) + 6*z(q). What is x(4)?
-7
Let l be 4 + (-1 + 2)/(-1). Suppose l*q + 45 = 6*q. Suppose 8*t - q = 13*t. Let k(a) = a**2 + a - 4. Give k(t).
2
Let h(c) = -c + 3. Suppose 37 = 4*v + 5. Let d be (-1 - (-2)/(-1)) + v. Give h(d).
-2
Let z(p) be the second derivative of p**4/12 + p**3/6 - p**2/2 + p. Let m(v) = -23*v + 12*v + 11*v - v**2. Let t(k) = 3*m(k) - z(k). What is t(1)?
-4
Let w(j) be the first derivative of -j**3/3 + j**2 + 14*j + 90. What is w(6)?
-10
Let s(z) = z**2 - 20 - 25 - 24 + 70 + 9*z. Give s(-6).
-17
Let a = -164 - -169. Let g(f) = -6*f**3 + 2 + 13*f + 8*f**3 - 1 - 17*f**2. Let l(w) = 3*w**3 - 26*w**2 + 20*w + 2. Let i(z) = -8*g(z) + 5*l(z). Calculate i(a).
7
Let d(a) be the first derivative of 1/2*a**2 + 3 - 3*a. What is d(4)?
1
Let w(i) be the second derivative of -3*i**2 + 0 + 1/12*i**4 - 1/3*i**3 + 11*i. Let b be (1 + 1)*(-10)/(-4). Give w(b).
9
Let c = 5 - 9. Let a(u) be the first derivative of -u**2/2 + u - 2. Let d(n) = 3*n - 3. Let f(x) = 4*a(x) + d(x). Give f(c).
5
Let a = -5 - -9. Let f(s) be the second derivative of s**2/2 + 4*s. Let q(t) = -3*t - 1. Let r(d) = 2*f(d) + q(d). Determine r(a).
-11
Let x(u) = -u**3 + 4*u - 1. Let a be x(0). Let g be (-10)/a + (0 + -10)/5. Let v(i) = -i - 2. Determine v(g).
-10
Let k(q) = q - 29. Let r(f) = f - 60. Let m(l) = -5*k(l) + 2*r(l). Calculate m(6).
7
Let f(i) = i**2 + i - 4. Let o(c) = -c**2 - 8*c - 8. Let b = -7 - -1. Let p be o(b). Let v be (-6)/(-3 + (p - 3)). Determine f(v).
8
Let w(t) = -4*t - 1. Let l be ((-16)/(-18))/(510/(-2295)). Give w(l).
15
